{"id":82,"date":"2020-04-04T13:59:04","date_gmt":"2020-04-04T13:59:04","guid":{"rendered":"https:\/\/demosites.io\/consultants-gb\/?page_id=82"},"modified":"2022-03-25T18:08:28","modified_gmt":"2022-03-25T18:08:28","slug":"b34cf-about","status":"publish","type":"page","link":"https:\/\/spaciograficohn.com\/sitio2021\/b34cf-about\/","title":{"rendered":"Nuestra Empresa"},"content":{"rendered":"\n<div id=\"wp-block-themeisle-blocks-advanced-columns-3c858e48\" class=\"wp-block-themeisle-blocks-advanced-columns alignfull has-1-columns has-desktop-equal-layout has-tablet-equal-layout has-mobile-equal-layout has-vertical-unset\"><div class=\"wp-block-themeisle-blocks-advanced-columns-overlay\"><\/div><div class=\"innerblocks-wrap\">\n<div id=\"wp-block-themeisle-blocks-advanced-column-ee4731d8\" class=\"wp-block-themeisle-blocks-advanced-column\">\n<div style=\"height:30px\" aria-hidden=\"true\" class=\"wp-block-spacer\"><\/div>\n\n\n\n<h1 class=\"has-text-align-left has-nv-text-dark-bg-color has-text-color wp-block-heading\">Nuestra pasi\u00f3n: La Educaci\u00f3n  <\/h1>\n<\/div>\n<\/div><\/div>\n\n\n\n<div id=\"wp-block-themeisle-blocks-advanced-columns-deb59dba\" class=\"wp-block-themeisle-blocks-advanced-columns alignfull has-2-columns has-desktop-equal-layout has-tablet-equal-layout has-mobile-collapsedRows-layout has-vertical-center\"><div class=\"wp-block-themeisle-blocks-advanced-columns-overlay\"><\/div><div class=\"innerblocks-wrap\">\n<div id=\"wp-block-themeisle-blocks-advanced-column-d47bc1f4\" class=\"wp-block-themeisle-blocks-advanced-column\">\n<h2 id=\"wp-block-themeisle-blocks-advanced-heading-6d5901f7\" class=\"wp-block-themeisle-blocks-advanced-heading wp-block-themeisle-blocks-advanced-heading-6d5901f7\">Editorial a la vanguardia de los avances educativos  <\/h2>\n\n\n\n<p>Ofrecemos libros y material educativos de calidad para todos los niveles de la ense\u00f1anza desde los 5 a los 18 a\u00f1os, en formato impreso y en digital.<\/p>\n\n\n\n<p>Creamos libros de texto estimulantes y atractivos que hacen que el alumno aumente su curiosidad e inter\u00e9s por aprender. <\/p>\n\n\n\n<p>Publicados en espa\u00f1ol e ingl\u00e9s, se adaptan a las normativas y modelos educativos del Dise\u00f1o Curricular de Educaci\u00f3n B\u00e1sica de la Rep\u00fablica de Honduras.<\/p>\n\n\n\n<div style=\"height:20px\" aria-hidden=\"true\" class=\"wp-block-spacer\"><\/div>\n\n\n\n<div id=\"wp-block-themeisle-blocks-button-group-23c76b35\" class=\"wp-block-themeisle-blocks-button-group wp-block-buttons align-left\">\n<div id=\"wp-block-themeisle-blocks-button-f3344e28\" class=\"wp-block-themeisle-blocks-button wp-block-button\"><a href=\"https:\/\/spaciograficohn.com\/sitio2021\/b34cf-contact-us\/\" target=\"_self\" rel=\"noopener noreferrer\" class=\"wp-block-button__link\"><span>Cont\u00e1ctanos<\/span><\/a><\/div>\n<\/div>\n<\/div>\n\n\n\n<div id=\"wp-block-themeisle-blocks-advanced-column-ce1c7786\" class=\"wp-block-themeisle-blocks-advanced-column\">\n<figure class=\"wp-block-image size-full\"><img loading=\"lazy\" decoding=\"async\" width=\"800\" height=\"360\" src=\"https:\/\/spaciograficohn.com\/sitio2021\/wp-content\/uploads\/2021\/08\/grupo2_portadalimpia_800x360.png\" alt=\"\" class=\"wp-image-438\" srcset=\"https:\/\/spaciograficohn.com\/sitio2021\/wp-content\/uploads\/2021\/08\/grupo2_portadalimpia_800x360.png 800w, https:\/\/spaciograficohn.com\/sitio2021\/wp-content\/uploads\/2021\/08\/grupo2_portadalimpia_800x360-300x135.png 300w, https:\/\/spaciograficohn.com\/sitio2021\/wp-content\/uploads\/2021\/08\/grupo2_portadalimpia_800x360-768x346.png 768w\" sizes=\"auto, (max-width: 800px) 100vw, 800px\" \/><\/figure>\n<\/div>\n<\/div><\/div>\n\n\n\n<div id=\"wp-block-themeisle-blocks-advanced-columns-b2341765\" class=\"wp-block-themeisle-blocks-advanced-columns alignfull has-3-columns has-desktop-equal-layout has-tablet-equal-layout has-mobile-collapsedRows-layout has-vertical-unset\"><div class=\"wp-block-themeisle-blocks-advanced-columns-overlay\"><\/div><div class=\"innerblocks-wrap\">\n<div id=\"wp-block-themeisle-blocks-advanced-column-75d6b096\" class=\"wp-block-themeisle-blocks-advanced-column\">\n<div class=\"wp-block-themeisle-blocks-service\">\n<p id=\"wp-block-themeisle-blocks-font-awesome-icons-9c8655a5\" class=\"wp-block-themeisle-blocks-font-awesome-icons\"><span class=\"wp-block-themeisle-blocks-font-awesome-icons-container\"><i class=\"fas fa-book-open\"><\/i><\/span><\/p>\n\n\n\n<h4 id=\"wp-block-themeisle-blocks-advanced-heading-43aa70d9\" class=\"wp-block-themeisle-blocks-advanced-heading wp-block-themeisle-blocks-advanced-heading-43aa70d9\"> Misi\u00f3n<\/h4>\n\n\n\n<p class=\"has-text-align-center\"><em>Somos una empresa dedicada a la edici\u00f3n de libros educativos para las instituciones p\u00fablicas y privadas a nivel nacional, ofreciendo productos de calidad, fabricados con la mejor materia prima y tecnolog\u00eda avanzada, en un ambiente de responsabilidad y compromiso, con el objetivo de proporcionar herramientas necesarias para elevar el nivel de profesionalismo en los estudiantes.<\/em> <\/p>\n<\/div>\n<\/div>\n\n\n\n<div id=\"wp-block-themeisle-blocks-advanced-column-7cfd6969\" class=\"wp-block-themeisle-blocks-advanced-column\">\n<p id=\"wp-block-themeisle-blocks-font-awesome-icons-61d465cd\" class=\"wp-block-themeisle-blocks-font-awesome-icons\"><span class=\"wp-block-themeisle-blocks-font-awesome-icons-container\"><i class=\"fas fa-walking\"><\/i><\/span><\/p>\n\n\n\n<h4 id=\"wp-block-themeisle-blocks-advanced-heading-637763e4\" class=\"wp-block-themeisle-blocks-advanced-heading wp-block-themeisle-blocks-advanced-heading-637763e4\">  Visi\u00f3n<\/h4>\n\n\n\n<p class=\"has-text-align-center\"><em>Ser en el 2025 la empresa l\u00edder en libros para instituciones educativas a nivel centroamericano, ofreciendo material did\u00e1ctico de calidad, buscando alcanzar un alto grado de profesionalismo en los estudiantes para un mejor desarrollo en la sociedad.<\/em><\/p>\n<\/div>\n\n\n\n<div id=\"wp-block-themeisle-blocks-advanced-column-9b282ec4\" class=\"wp-block-themeisle-blocks-advanced-column\">\n<p id=\"wp-block-themeisle-blocks-font-awesome-icons-3209089b\" class=\"wp-block-themeisle-blocks-font-awesome-icons\"><span class=\"wp-block-themeisle-blocks-font-awesome-icons-container\"><i class=\"fas fa-users\"><\/i><\/span><\/p>\n\n\n\n<h4 id=\"wp-block-themeisle-blocks-advanced-heading-1f6039b8\" class=\"wp-block-themeisle-blocks-advanced-heading wp-block-themeisle-blocks-advanced-heading-1f6039b8\">  Valores<\/h4>\n\n\n\n<p class=\"has-text-align-center\"><em>Con m\u00e1s de 20 a\u00f1os de experiencia en el ramo, nuestros valores siempre est\u00e1n presentes en las relaciones que tenemos con nuestros clientes:<\/em><\/p>\n\n\n\n<ul class=\"wp-block-list\"><li><em>Responsabilidad<\/em><\/li><li><em>Fidelidad<\/em><\/li><li><em>Compromiso<\/em><\/li><\/ul>\n<\/div>\n<\/div><\/div>\n\n\n\n<div id=\"wp-block-themeisle-blocks-advanced-columns-6532c440\" class=\"wp-block-themeisle-blocks-advanced-columns alignfull has-2-columns has-desktop-equal-layout has-tablet-equal-layout has-mobile-collapsedRows-layout has-vertical-center\"><div class=\"wp-block-themeisle-blocks-advanced-columns-overlay\"><\/div><div class=\"innerblocks-wrap\">\n<div id=\"wp-block-themeisle-blocks-advanced-column-2ee2d8d0\" class=\"wp-block-themeisle-blocks-advanced-column\">\n<figure class=\"wp-block-image size-full is-style-rounded\"><img loading=\"lazy\" decoding=\"async\" width=\"400\" height=\"400\" src=\"https:\/\/spaciograficohn.com\/sitio2021\/wp-content\/uploads\/2021\/08\/CHI037.jpg\" alt=\"\" class=\"wp-image-254\" srcset=\"https:\/\/spaciograficohn.com\/sitio2021\/wp-content\/uploads\/2021\/08\/CHI037.jpg 400w, https:\/\/spaciograficohn.com\/sitio2021\/wp-content\/uploads\/2021\/08\/CHI037-300x300.jpg 300w, https:\/\/spaciograficohn.com\/sitio2021\/wp-content\/uploads\/2021\/08\/CHI037-150x150.jpg 150w\" sizes=\"auto, (max-width: 400px) 100vw, 400px\" \/><\/figure>\n<\/div>\n\n\n\n<div id=\"wp-block-themeisle-blocks-advanced-column-b46acff0\" class=\"wp-block-themeisle-blocks-advanced-column\">\n<h2 id=\"wp-block-themeisle-blocks-advanced-heading-94c995ac\" class=\"wp-block-themeisle-blocks-advanced-heading wp-block-themeisle-blocks-advanced-heading-94c995ac\">Educar a un joven no es hacerle aprender algo que no sab\u00eda, sino hacer de \u00e9l alguien que no exist\u00eda.  <\/h2>\n\n\n\n<div style=\"height:20px\" aria-hidden=\"true\" class=\"wp-block-spacer\"><\/div>\n\n\n\n<p class=\"has-nv-text-dark-bg-color has-text-color\">Los maestros siempre han estado y estar\u00e1n en el centro de la experiencia del aprendizaje. Las soluciones que desarrollamos ayudan a los educadores a impartir su conocimiento a los estudiantes de una manera m\u00e1s eficiente. <\/p>\n\n\n\n<p class=\"has-nv-text-dark-bg-color has-text-color\">Creemos que la tecnolog\u00eda puede mejorar el aprovechamiento del aprendizaje dentro y fuera del sal\u00f3n de clases, profundizando las conexiones entre estudiantes y maestros para fortalecer el \u00e9xito del proceso ense\u00f1anza aprendizaje. <\/p>\n<\/div>\n<\/div><\/div>\n\n\n\n<div id=\"wp-block-themeisle-blocks-advanced-columns-228bb10d\" class=\"wp-block-themeisle-blocks-advanced-columns alignfull has-1-columns has-desktop-equal-layout has-tablet-equal-layout has-mobile-equal-layout has-vertical-unset\"><div class=\"wp-block-themeisle-blocks-advanced-columns-overlay\"><\/div><div class=\"innerblocks-wrap\">\n<div id=\"wp-block-themeisle-blocks-advanced-column-b5de4aab\" class=\"wp-block-themeisle-blocks-advanced-column\">\n<h2 id=\"wp-block-themeisle-blocks-advanced-heading-683f3b74\" class=\"wp-block-themeisle-blocks-advanced-heading wp-block-themeisle-blocks-advanced-heading-683f3b74\">  Donde localizarnos<\/h2>\n\n\n\n<p class=\"has-text-align-center has-neve-text-color-color has-text-color\" style=\"font-size:21px\">Puedes ubicarnos f\u00e1cil<\/p>\n\n\n\n<hr class=\"wp-block-separator has-text-color has-background has-neve-text-color-background-color has-neve-text-color-color\"\/>\n<\/div>\n<\/div><\/div>\n\n\n\n<div id=\"wp-block-themeisle-blocks-advanced-columns-18ce2e9a\" class=\"wp-block-themeisle-blocks-advanced-columns alignfull has-3-columns has-desktop-equal-layout has-tablet-equal-layout has-mobile-collapsedRows-layout has-vertical-unset\"><div class=\"wp-block-themeisle-blocks-advanced-columns-overlay\"><\/div><div class=\"innerblocks-wrap\">\n<div id=\"wp-block-themeisle-blocks-advanced-column-6cb0ca3b\" class=\"wp-block-themeisle-blocks-advanced-column\">\n<div class=\"wp-block-image is-style-default\"><figure class=\"aligncenter size-full is-resized\"><img loading=\"lazy\" decoding=\"async\" src=\"https:\/\/spaciograficohn.com\/sitio2021\/wp-content\/uploads\/2021\/08\/foto22-e1648231064375.jpg\" alt=\"\" class=\"wp-image-471\" width=\"400\" height=\"300\"\/><\/figure><\/div>\n\n\n\n<hr class=\"wp-block-separator has-text-color has-background has-neve-text-color-background-color has-neve-text-color-color\"\/>\n\n\n\n<h3 class=\"has-text-align-center has-neve-text-color-color has-text-color wp-block-heading\"> Oficina Principal <\/h3>\n\n\n\n<span id=\"wp-block-themeisle-blocks-advanced-heading-b0f9dea5\" class=\"wp-block-themeisle-blocks-advanced-heading wp-block-themeisle-blocks-advanced-heading-b0f9dea5\"><strong>2246-4384 \/ 85<\/strong><\/span>\n\n\n\n<p class=\"has-text-align-center\"> Anillo Perif\u00e9rico, 200m. antes de la entrada a la Residencial Venecia. Tegucigalpa.<\/p>\n\n\n\n<p class=\"has-text-align-center\"><a href=\"mailto:imprenta@spaciograficohn.com\">imprenta@spaciograficohn.com<\/a><\/p>\n<\/div>\n\n\n\n<div id=\"wp-block-themeisle-blocks-advanced-column-d6586598\" class=\"wp-block-themeisle-blocks-advanced-column\">\n<figure class=\"wp-block-image size-full is-resized is-style-default\"><img loading=\"lazy\" decoding=\"async\" src=\"https:\/\/spaciograficohn.com\/sitio2021\/wp-content\/uploads\/2021\/08\/edificiocentro3-2_402x338.png\" alt=\"\" class=\"wp-image-369\" width=\"400\" height=\"300\"\/><\/figure>\n\n\n\n<hr class=\"wp-block-separator has-text-color has-background has-neve-text-color-background-color has-neve-text-color-color\"\/>\n\n\n\n<h3 class=\"has-text-align-center wp-block-heading\"> Tienda en TGU <\/h3>\n\n\n\n<span id=\"wp-block-themeisle-blocks-advanced-heading-492b386c\" class=\"wp-block-themeisle-blocks-advanced-heading wp-block-themeisle-blocks-advanced-heading-492b386c\"><strong><strong><strong>2246-4384 \/ 85<\/strong><\/strong><\/strong><\/span>\n\n\n\n<p class=\"has-text-align-center\"> Barrio El Centro, calle atr\u00e1s de la Catedral Metropolitana. Tegucigalpa.<\/p>\n\n\n\n<p class=\"has-text-align-center\"><a href=\"mailto:imprenta@spaciograficohn.com\">imprenta@spaciograficohn.com<\/a><\/p>\n<\/div>\n\n\n\n<div id=\"wp-block-themeisle-blocks-advanced-column-25e01abc\" class=\"wp-block-themeisle-blocks-advanced-column\">\n<figure class=\"wp-block-image size-full is-resized is-style-default\"><img decoding=\"async\" src=\"https:\/\/spaciograficohn.com\/sitio2021\/wp-content\/uploads\/2021\/08\/2021-08-17-at-10.49.13-AM_400x299.png\" alt=\"\" class=\"wp-image-367\" height=\"300\" srcset=\"https:\/\/spaciograficohn.com\/sitio2021\/wp-content\/uploads\/2021\/08\/2021-08-17-at-10.49.13-AM_400x299.png 400w, https:\/\/spaciograficohn.com\/sitio2021\/wp-content\/uploads\/2021\/08\/2021-08-17-at-10.49.13-AM_400x299-300x224.png 300w\" sizes=\"(max-width: 400px) 100vw, 400px\" \/><\/figure>\n\n\n\n<hr class=\"wp-block-separator has-text-color has-background has-neve-text-color-background-color has-neve-text-color-color\"\/>\n\n\n\n<h3 class=\"has-text-align-center wp-block-heading\"> Oficina en SPS <\/h3>\n\n\n\n<span id=\"wp-block-themeisle-blocks-advanced-heading-73970e0f\" class=\"wp-block-themeisle-blocks-advanced-heading wp-block-themeisle-blocks-advanced-heading-73970e0f\"><strong><strong><strong>2246-4384 \/ 85<\/strong><\/strong><\/strong><\/span>\n\n\n\n<p class=\"has-text-align-center\"> Barrio El Benque, 9 avenida, entre 5ta y 6ta calle. San Pedro Sula. <\/p>\n\n\n\n<p class=\"has-text-align-center\"><a href=\"mailto:ventas_sps@spaciograficohn.com\" target=\"_blank\" rel=\"noreferrer noopener\">imprenta@spaciograficohn.com<\/a><\/p>\n<\/div>\n<\/div><\/div>\n\n\n\n<div id=\"wp-block-themeisle-blocks-advanced-columns-3e4efffa\" class=\"wp-block-themeisle-blocks-advanced-columns alignfull has-1-columns has-desktop-equal-layout has-tablet-equal-layout has-mobile-equal-layout has-vertical-unset\"><div class=\"wp-block-themeisle-blocks-advanced-columns-overlay\"><\/div><div class=\"innerblocks-wrap\">\n<div id=\"wp-block-themeisle-blocks-advanced-column-1386d915\" class=\"wp-block-themeisle-blocks-advanced-column\">\n<h2 id=\"wp-block-themeisle-blocks-advanced-heading-01bf1a9c\" class=\"wp-block-themeisle-blocks-advanced-heading wp-block-themeisle-blocks-advanced-heading-01bf1a9c\"> Nuestros socios comerciales <\/h2>\n<\/div>\n<\/div><\/div>\n\n\n\n<div id=\"wp-block-themeisle-blocks-advanced-columns-0e1c3282\" class=\"wp-block-themeisle-blocks-advanced-columns alignfull has-4-columns has-desktop-equal-layout has-tablet-equal-layout has-mobile-collapsedRows-layout has-vertical-unset has-nogap-gap\"><div class=\"wp-block-themeisle-blocks-advanced-columns-overlay\"><\/div><div class=\"innerblocks-wrap\">\n<div id=\"wp-block-themeisle-blocks-advanced-column-0d82bd1d\" class=\"wp-block-themeisle-blocks-advanced-column\">\n<figure class=\"wp-block-image size-full is-resized\"><img loading=\"lazy\" decoding=\"async\" src=\"https:\/\/spaciograficohn.com\/sitio2021\/wp-content\/uploads\/2021\/08\/dis1.png\" alt=\"\" class=\"wp-image-263\" width=\"226\" height=\"89\" srcset=\"https:\/\/spaciograficohn.com\/sitio2021\/wp-content\/uploads\/2021\/08\/dis1.png 337w, https:\/\/spaciograficohn.com\/sitio2021\/wp-content\/uploads\/2021\/08\/dis1-300x118.png 300w\" sizes=\"auto, (max-width: 226px) 100vw, 226px\" \/><\/figure>\n\n\n\n<p class=\"has-text-align-center has-small-font-size\">Librer\u00eda LISER \/ SPS \/ COP\u00c1N \/ CEIBA<\/p>\n\n\n\n<figure class=\"wp-block-image size-full is-resized\"><img loading=\"lazy\" decoding=\"async\" src=\"https:\/\/spaciograficohn.com\/sitio2021\/wp-content\/uploads\/2021\/08\/dis4_2_300x188.png\" alt=\"\" class=\"wp-image-267\" width=\"212\" height=\"132\"\/><\/figure>\n\n\n\n<p class=\"has-text-align-center has-small-font-size\">Librer\u00eda Fernando \/ Olancho<\/p>\n<\/div>\n\n\n\n<div id=\"wp-block-themeisle-blocks-advanced-column-ae838253\" class=\"wp-block-themeisle-blocks-advanced-column\">\n<figure class=\"wp-block-image size-full is-resized\"><img loading=\"lazy\" decoding=\"async\" src=\"https:\/\/spaciograficohn.com\/sitio2021\/wp-content\/uploads\/2021\/08\/dis2.jpg\" alt=\"\" class=\"wp-image-264\" width=\"196\" height=\"86\" srcset=\"https:\/\/spaciograficohn.com\/sitio2021\/wp-content\/uploads\/2021\/08\/dis2.jpg 508w, https:\/\/spaciograficohn.com\/sitio2021\/wp-content\/uploads\/2021\/08\/dis2-300x133.jpg 300w\" sizes=\"auto, (max-width: 196px) 100vw, 196px\" \/><\/figure>\n\n\n\n<p class=\"has-text-align-center has-small-font-size\">Almac\u00e9n El Ahorro \/ SPS<\/p>\n\n\n\n<figure class=\"wp-block-image size-full\"><img loading=\"lazy\" decoding=\"async\" width=\"302\" height=\"159\" src=\"https:\/\/spaciograficohn.com\/sitio2021\/wp-content\/uploads\/2021\/08\/dis7_2_302x159.png\" alt=\"\" class=\"wp-image-268\" srcset=\"https:\/\/spaciograficohn.com\/sitio2021\/wp-content\/uploads\/2021\/08\/dis7_2_302x159.png 302w, https:\/\/spaciograficohn.com\/sitio2021\/wp-content\/uploads\/2021\/08\/dis7_2_302x159-300x158.png 300w\" sizes=\"auto, (max-width: 302px) 100vw, 302px\" \/><\/figure>\n\n\n\n<p class=\"has-text-align-center has-small-font-size\">Librer\u00eda El Pasaje \/ Comayagua<\/p>\n<\/div>\n\n\n\n<div id=\"wp-block-themeisle-blocks-advanced-column-31c8f561\" class=\"wp-block-themeisle-blocks-advanced-column\">\n<figure class=\"wp-block-image size-full\"><img loading=\"lazy\" decoding=\"async\" width=\"882\" height=\"287\" src=\"https:\/\/spaciograficohn.com\/sitio2021\/wp-content\/uploads\/2021\/08\/dis3.png\" alt=\"\" class=\"wp-image-262\" srcset=\"https:\/\/spaciograficohn.com\/sitio2021\/wp-content\/uploads\/2021\/08\/dis3.png 882w, https:\/\/spaciograficohn.com\/sitio2021\/wp-content\/uploads\/2021\/08\/dis3-300x98.png 300w, https:\/\/spaciograficohn.com\/sitio2021\/wp-content\/uploads\/2021\/08\/dis3-768x250.png 768w\" sizes=\"auto, (max-width: 882px) 100vw, 882px\" \/><\/figure>\n\n\n\n<p class=\"has-text-align-center has-small-font-size\">Almacen El Estudiante \/ SPS<\/p>\n\n\n\n<figure class=\"wp-block-image size-full is-resized\"><img loading=\"lazy\" decoding=\"async\" src=\"https:\/\/spaciograficohn.com\/sitio2021\/wp-content\/uploads\/2021\/08\/dis8_2_299x178.png\" alt=\"\" class=\"wp-image-265\" width=\"231\" height=\"138\"\/><\/figure>\n\n\n\n<p class=\"has-text-align-center has-small-font-size\">ABC School Supply \/ SPS<\/p>\n<\/div>\n\n\n\n<div id=\"wp-block-themeisle-blocks-advanced-column-600ff3ee\" class=\"wp-block-themeisle-blocks-advanced-column\">\n<figure class=\"wp-block-image size-full\"><img loading=\"lazy\" decoding=\"async\" width=\"201\" height=\"80\" src=\"https:\/\/spaciograficohn.com\/sitio2021\/wp-content\/uploads\/2021\/08\/dis5_201x80.png\" alt=\"\" class=\"wp-image-266\"\/><\/figure>\n\n\n\n<p class=\"has-text-align-center has-small-font-size\">Papeler\u00eda San Diego \/ Choluteca<\/p>\n\n\n\n<figure class=\"wp-block-image size-full is-resized\"><img loading=\"lazy\" decoding=\"async\" src=\"https:\/\/spaciograficohn.com\/sitio2021\/wp-content\/uploads\/2021\/08\/dis6_2_301x199.png\" alt=\"\" class=\"wp-image-269\" width=\"207\" height=\"137\"\/><\/figure>\n\n\n\n<p class=\"has-text-align-center has-small-font-size\">Librer\u00eda Don Quijote \/ Danl\u00ed<\/p>\n<\/div>\n<\/div><div class=\"wp-block-themeisle-blocks-advanced-columns-separators bottom\"><svg id=\"slant\" fill=\"var(--nv-dark-bg)\" viewbox=\"0 0 100 100\" width=\"100%\" height=\"100\" preserveaspectratio=\"none\" xmlns=\"http:\/\/www.w3.org\/2000\/svg\" class=\"rotate\"><path d=\"M0 0 L100 100 L100 0 Z\"><\/path><\/svg><\/div><\/div>\n\n\n\n<div id=\"wp-block-themeisle-blocks-advanced-columns-be44813f\" class=\"wp-block-themeisle-blocks-advanced-columns alignfull has-2-columns has-desktop-equal-layout has-tablet-equal-layout has-mobile-collapsedRows-layout has-vertical-center\"><div class=\"wp-block-themeisle-blocks-advanced-columns-overlay\"><\/div><div class=\"innerblocks-wrap\">\n<div id=\"wp-block-themeisle-blocks-advanced-column-ee751d02\" class=\"wp-block-themeisle-blocks-advanced-column\">\n<h2 id=\"wp-block-themeisle-blocks-advanced-heading-864340d8\" class=\"wp-block-themeisle-blocks-advanced-heading wp-block-themeisle-blocks-advanced-heading-864340d8\">\u00bfQuieres consultarnos? <\/h2>\n\n\n\n<p class=\"has-nv-text-dark-bg-color has-text-color\" style=\"font-size:21px\"> Llena el formulario y nos comunicaremos contigo <\/p>\n<\/div>\n\n\n\n<div id=\"wp-block-themeisle-blocks-advanced-column-d96afee6\" class=\"wp-block-themeisle-blocks-advanced-column\">\n<div id=\"wp-block-themeisle-blocks-button-group-6f228ed0\" class=\"wp-block-themeisle-blocks-button-group wp-block-buttons align-left contact__btn ticss-2fc4d4a5\">\n<div id=\"wp-block-themeisle-blocks-button-545cffac\" class=\"wp-block-themeisle-blocks-button wp-block-button\"><a href=\"https:\/\/spaciograficohn.com\/sitio2021\/b34cf-contact-us\/\" target=\"_self\" rel=\"noopener noreferrer\" class=\"wp-block-button__link\"><span>Cont\u00e1ctanos<\/span><\/a><\/div>\n<\/div>\n<\/div>\n<\/div><\/div>\n","protected":false},"excerpt":{"rendered":"","protected":false},"author":1,"featured_media":0,"parent":0,"menu_order":0,"comment_status":"closed","ping_status":"closed","template":"page-templates\/template-pagebuilder-full-width.php","meta":{"neve_meta_sidebar":"full-width","neve_meta_container":"contained","neve_meta_enable_content_width":"on","neve_meta_content_width":100,"neve_meta_title_alignment":"","neve_meta_author_avatar":"","neve_post_elements_order":"","neve_meta_disable_header":"","neve_meta_disable_footer":"","neve_meta_disable_title":"on","_themeisle_gutenberg_block_has_review":false,"footnotes":""},"class_list":["post-82","page","type-page","status-publish","hentry"],"post_mailing_queue_ids":[],"_links":{"self":[{"href":"https:\/\/spaciograficohn.com\/sitio2021\/wp-json\/wp\/v2\/pages\/82","targetHints":{"allow":["GET"]}}],"collection":[{"href":"https:\/\/spaciograficohn.com\/sitio2021\/wp-json\/wp\/v2\/pages"}],"about":[{"href":"https:\/\/spaciograficohn.com\/sitio2021\/wp-json\/wp\/v2\/types\/page"}],"author":[{"embeddable":true,"href":"https:\/\/spaciograficohn.com\/sitio2021\/wp-json\/wp\/v2\/users\/1"}],"replies":[{"embeddable":true,"href":"https:\/\/spaciograficohn.com\/sitio2021\/wp-json\/wp\/v2\/comments?post=82"}],"version-history":[{"count":38,"href":"https:\/\/spaciograficohn.com\/sitio2021\/wp-json\/wp\/v2\/pages\/82\/revisions"}],"predecessor-version":[{"id":578,"href":"https:\/\/spaciograficohn.com\/sitio2021\/wp-json\/wp\/v2\/pages\/82\/revisions\/578"}],"wp:attachment":[{"href":"https:\/\/spaciograficohn.com\/sitio2021\/wp-json\/wp\/v2\/media?parent=82"}],"curies":[{"name":"wp","href":"https:\/\/api.w.org\/{rel}","templated":true}]}}